= 3360*u - 17428. Give m(5).
-628
Let j(q) = 2*q**3 - 832*q**2 - 2517*q + 1281. Calculate j(419).
24
Let m(u) = u**3 + 159*u**2 + 2700*u + 22813. Determine m(-141).
-29
Let y(z) = -12847*z + 89960. Give y(7).
31
Let b(v) = -v**2 + 300*v - 13428. Give b(243).
423
Let a(z) = 33*z**2 - 1305*z + 1910. Determine a(38).
-28
Let u(p) = 489*p + 63066. Give u(-129).
-15
Let x(t) = t**3 + 914*t**2 + 190627*t + 963. Give x(-322).
-3
Let d(f) = -f**3 - 25*f**2 - 128*f - 89. Calculate d(-22).
1275
Let w(z) = -758*z - 45473. Determine w(-60).
7
Let l(b) = -2*b**3 - 39*b**2 - 5*b + 342. Give l(-15).
-1608
Let m(x) = -4*x**3 + 50*x**2 - 458*x - 122. Calculate m(12).
-5330
Let l(d) = -d**3 - 8*d**2 + 1884*d + 22033. What is l(-12)?
1
Let r(w) = -288*w - 1562. What is r(-2)?
-986
Let u(h) = 3*h**2 + 1320*h - 10761. Calculate u(8).
-9
Let x(i) = 255*i + 257. Calculate x(1).
512
Let w(i) = -8*i**3 - 442*i**2 + 1367*i - 151. Calculate w(3).
-244
Let y(i) = i**2 + 232*i + 4608. Determine y(-28).
-1104
Let u(t) = -t**3 - 64*t**2 + 182*t + 3659. What is u(-66)?
359
Let m(o) = -1119*o**3 + o**2 - 166*o - 168. Determine m(-1).
1118
Let y(i) = 13*i**2 - 114*i + 3. Calculate y(6).
-213
Let y(a) = -33*a**3 - a**2 - 22*a - 71. Determine y(-3).
877
Let p(m) = 329*m**2 + 17103*m + 12. Give p(-52).
272
Let r(z) = -467*z**2 + 127011*z + 3540. What is r(272)?
4
Let u(v) = 321*v - 34953. Calculate u(109).
36
Let r(p) = -p**2 - 4039*p - 112270. Calculate r(-28).
38
Let l(a) = 2*a**3 + 36*a**2 + 394*a + 2555. What is l(-11)?
-85
Let v(x) = -15292*x - 29996. Calculate v(-2).
588
Let f(b) = 333*b**2 - 18308*b - 372. Determine f(55).
13
Let l(c) = 443*c**2 - 19049*c + 21. What is l(43)?
21
Let p(u) = 105436*u - 40. What is p(0)?
-40
Let x(u) = 4089*u**2 + 122676*u + 100. Give x(-30).
-80
Let s(o) = -o**2 + 223*o + 19301. Calculate s(-66).
227
Let x(k) = -932895*k - 3731537. Calculate x(-4).
43
Let l(v) = 90*v**2 + 473*v - 437. What is l(-6)?
-35
Let z(m) = -9094*m - 436513. What is z(-48)?
-1
Let a(l) = -l**2 + 1176*l - 69059. Calculate a(62).
9
Let k(h) = 49*h**3 - 18*h**2 + 42*h + 59. What is k(-1)?
-50
Let m(g) = g**2 + 765*g - 257622. Determine m(253).
-68
Let g(l) = -1942*l - 635140. Calculate g(-327).
-106
Let n(l) = -5407*l + 421739. What is n(78)?
-7
Let h(s) = -4*s**2 + 407*s + 5570. Determine h(114).
-16
Let s(g) = -453*g - 1929. What is s(-6)?
789
Let r(h) = 4126*h + 70654. Determine r(-17).
512
Let m(d) = 1031*d - 42283. Calculate m(41).
-12
Let k(o) = -11*o**2 + 1058*o - 477. Give k(93).
2778
Let f(p) = p**2 + 347*p + 32331. Give f(-201).
2985
Let a(d) = d**3 + 80*d**2 + 126*d - 2623. What is a(-78)?
-283
Let p(k) = -k**2 + 1087*k - 1081. Determine p(1).
5
Let m(f) = 3*f**3 + 29*f**2 - 32*f - 297. What is m(-6)?
291
Let s(j) = -6*j**2 - 13365*j - 40115. What is s(-3)?
-74
Let j(g) = 14*g**2 - 178*g + 563. Determine j(8).
35
Let v(l) = -3*l**3 - 259*l**2 - 2472*l - 40718. Determine v(-78).
-2
Let s(v) = -4596*v + 211457. What is s(46)?
41
Let o(b) = -26*b**2 - 97174*b - 97158. Determine o(-1).
-10
Let i(u) = u**3 - 19*u**2 - 50*u + 558. Determine i(20).
-42
Let q(o) = 2586*o + 10063. Give q(-4).
-281
Let b(k) = 6*k**2 - 472*k - 674. Give b(83).
1484
Let u(g) = 17*g**2 - 12942*g - 100753. Determine u(769).
-14
Let b(l) = 1339*l + 167369. Calculate b(-125).
-6
Let d(j) = 2*j**3 - 108*j**2 + 98*j + 388. Give d(53).
-36
Let v(n) = 37*n**2 + 348*n + 129. What is v(-9)?
-6
Let i(r) = -22*r**2 + 45*r - 695. Give i(7).
-1458
Let z(k) = 131*k**2 + 1401*k - 443. Determine z(-11).
-3
Let b(h) = -h**2 + 853*h - 69340. Calculate b(91).
2
Let p(d) = d**3 - 284*d**2 - 861*d - 54. Determine p(287).
-54
Let t(r) = 6*r**2 + 33155*r - 198898. Determine t(6).
248
Let x(i) = -5668*i + 33837. Determine x(6).
-171
Let o(j) = -7*j**3 - 548*j**2 - 149*j + 588. Calculate o(-78).
42
Let w(q) = -8*q**2 + 2402*q + 29349. Give w(312).
21
Let x(y) = 120*y + 50267. Calculate x(-419).
-13
Let h(z) = -9*z**2 - 315*z + 311. What is h(-35)?
311
Let q(y) = 17*y**2 - 382*y - 617. Give q(24).
7
Let h(a) = a**3 - 355*a**2 + 6378*a + 120. What is h(19)?
6
Let q(n) = -n**3 - 20*n**2 - 21*n - 130. Give q(9).
-2668
Let d(r) = -1062*r**2 - 3268*r + 52. Give d(-3).
298
Let s(d) = 24*d**2 - 933*d - 12518. What is s(-13)?
3667
Let v(j) = j**3 + 555*j**2 - 10764*j + 81496. Calculate v(-574).
-12
Let k(c) = 2*c**2 - 125*c - 1464. Calculate k(-10).
-14
Let x(o) = -o**3 + 42*o**2 + 1394*o - 373. Determine x(-22).
-65
Let o(j) = -20*j**2 - 487*j - 2827. Calculate o(-6).
-625
Let y(q) = -3863*q + 1556779. Calculate y(403).
-10
Let z(k) = -1788*k + 2022. What is z(1)?
234
Let t(k) = 40260*k - 885718. Calculate t(22).
2
Let u(h) = -241*h - 19519. Give u(-79).
-480
Let l(u) = 10*u**2 - 412*u + 173. Give l(41).
91
Let w(r) = 323*r + 1620. Calculate w(-5).
5
Let i(q) = 16*q**2 - 180*q + 256. Calculate i(11).
212
Let v(a) = -29*a**2 + 27*a - 253. Give v(12).
-4105
Let s(l) = 693*l**2 + 227*l - 59. What is s(-1)?
407
Let d(s) = -73*s**3 - 4593*s**2 + 392*s + 879. Calculate d(-63).
-3
Let r(h) = -2076*h - 8325. Determine r(-4).
-21
Let m(c) = -123*c - 2583. Give m(-21).
0
Let a(j) = 2*j**2 + 3784*j + 63340. Calculate a(-17).
-410
Let c(p) = -2*p**2 - 138*p - 317. Give c(-66).
79
Let x(j) = -j**3 + j**2 - 170*j - 1500. Calculate x(-9).
840
Let o(j) = -3*j**2 + 232*j + 2274. Give o(86).
38
Let u(p) = 263*p - 573. What is u(-2)?
-1099
Let h(o) = -o**3 + 5*o**2 - 448268*o + 1793060. Determine h(4).
4
Let x(n) = 442*n - 228073. What is x(516)?
-1
Let p(o) = -o**2 - 43*o + 155769. What is p(-417)?
-189
Let h(k) = 78*k - 11517. Determine h(146).
-129
Let m(n) = 124*n - 7286. Calculate m(55).
-466
Let w(q) = -6*q**2 - 1151*q - 24173. Calculate w(-24).
-5
Let u(y) = 2026*y + 372789. Calculate u(-184).
5
Let s(h) = -1034*h + 112018. Determine s(109).
-688
Let c(h) = -136298*h + 408952. Give c(3).
58
Let k(b) = -2*b**3 + 442*b**2 + 1782*b - 84. Calculate k(-4).
-12
Let m(y) = 10*y**2 + 1486*y + 718. What is m(-148)?
-170
Let h(y) = -785*y - 10560. What is h(-14)?
430
Let y(b) = 131*b**2 - 1163*b + 5. Calculate y(9).
149
Let s(r) = -r**3 + 131*r**2 - 250*r - 747. Determine s(129).
285
Let l(z) = 21076956*z - 84307828. Calculate l(4).
-4
Let p(a) = -2653*a + 29121. Determine p(11).
-62
Let u(y) = -241*y - 872. Give u(-3).
-149
Let m(d) = 17353*d**2 - 242955*d + 63. Determine m(14).
-119
Let l(q) = 33630*q - 1546981. What is l(46)?
-1
Let f(x) = -8*x**2 - 28*x - 261. Give f(-10).
-781
Let t(z) = 2*z**3 - 341*z**2 + 2154*z - 3605. Determine t(164).
3
Let k(f) = f**3 + 18*f**2 - 402*f + 37. Give k(-31).
6
Let p(g) = -1166*g + 6455. Give p(4).
1791
Let b(h) = h**3 + 28*h**2 + 4*h + 114. Give b(-28).
2
Let v(y) = y**3 - 4*y**2 - 152*y + 63. Determine v(14).
-105
Let j(h) = 97*h**2 - 2564*h - 198. Give j(27).
1287
Let w(r) = 3*r**3 - 47*r**2 - 119*r + 1624. Give w(18).
1750
Let c(w) = -57*w**2 - 80*w + 29. What is c(-2)?
-39
Let o(i) = -65*i**3 - 7*i**2 + 252*i - 715. Determine o(3).
-1777
Let f(v) = 544*v**3 + 5983*v**2 - 15*v - 34. Determine f(-11).
10
Let u(m) = 1127*m + 17482. Give u(-14).
1704
Let f(q) = 3*q**3 - 135*q**2 + 50*q - 981. Give f(45).
1269
Let q(u) = -458*u - 13739. What is q(-18)?
-5495
Let s(m) = 3*m**2 + 375*m - 1641. What is s(4)?
-93
Let y(n) = 395*n - 85709. Determine y(217).
6
Let u(q) = -1950*q + 4878. Calculate u(3).
-972
Let z(f) = 2*f**3 + 52*f**2 - 1141*f - 827. Calculate z(-40).
13
Let u(t) = t**2 - 4269*t - 98922. Calculate u(-23).
-206
Let b(n) = 2*n**2 - 154*n + 50. Determine b(16).
-1902
Let g(w) = -26*w**2 - 406*w - 172. Determine g(-15).
68
Let z(v) = -598*v + 5393. What is z(9)?
11
Let x(z) = -7687*z - 208373. Determine x(-27).
-824
Let b(v) = -1618*v + 9819. Determine b(6).
111
Let p(i) = -i**2 - 55*i + 582. Determine p(-53).
688
Let m(n) = 2*n**2 - 527*n - 30955. What is m(-49)?
-330
Let u(q) = -958*q + 8425. Give u(9).
-197
Let r(v) = -2*v**3 + 225*v**2 - 100*v - 1225. Determine r(112).
119
Let k(b) = 87*b**2 - 12019*b + 1794. What is k(138)?
0
Let a(o) = 2933994*o - 17603971. What is a(6)?
-7
Let a(v) = 24*v**2 + 290*v + 75. Give a(-12).
51
Let p(o) = 2642*o + 16636. What is p(-7)?
-1858
Let r(l) = 2*l**3 - 1565*l**2 + 3906*l - 4704. What is r(780)?
-24
Let k(c) = -5*c**3 - 7*c**2 + 267*c + 75. Determine 